{"id":501,"date":"2025-11-28T14:17:33","date_gmt":"2025-11-28T13:17:33","guid":{"rendered":"https:\/\/www.b-c-balance.de\/wp\/?page_id=501"},"modified":"2025-11-28T14:31:49","modified_gmt":"2025-11-28T13:31:49","slug":"impressum","status":"publish","type":"page","link":"https:\/\/b-c-balance.de\/?page_id=501","title":{"rendered":"Impressum"},"content":{"rendered":"\n<p><strong>Was kann die Kinesiologie NICHT?<\/strong><\/p>\n\n\n\n<p>Die Kinesiologie dient nicht zu diagnostischen oder heilenden Zwecken. Es werden weder physische noch psychische Krankheiten oder Krankheitssymptome, weder beim Menschen noch bei Tieren, festgestellt oder behandelt. Diese Arbeit ist durch das Heilmittelgesetz ausschlie\u00dflich \u00c4rzten, Heilpraktikern und Therapeuten vorbehalten!<\/p>\n\n\n\n<p><strong>Durch meine Sitzungen wird keine medizinische, heilkundliche oder therapeutische Behandlung er&nbsp;<\/strong><strong>setzt.&nbsp;Sie kann diese aber positiv unterst\u00fctzen.<\/strong><\/p>\n\n\n\n<p>In meiner Arbeit werden Techniken ausschlie\u00dflich zur L\u00f6sung von energetischen und emotionalen Blockaden und dem damit verbundenen Stress verwendet. Die M\u00f6glichkeit, diese Techniken zum Wohle des Menschen\/Pferdes und f\u00fcr positive Ver\u00e4nderungen zu nutzen, liegt in der Verantwortung des Besitzers.<\/p>\n\n\n\n<p>Durch kinesiologische Sitzungen werden nicht nur die Selbstheilungskr\u00e4fte des K\u00f6rpers aktiviert, es kommt auch zu Hormonaussch\u00fcttung wie Endorphine, die bei einer Blutuntersuchung erh\u00f6hte Dopingwerte zeigen. Aus diesem Grund sollte keine kinesiologische Sitzung kurz vor Rennen und Turnieren (ca. 1 Woche) stattfinden.<\/p>\n\n\n\n<p>Tragende Stuten sollten nur nach R\u00fccksprache mit dem Tierarzt in den ersten Monaten, mindestens 3 Monate, balanciert werden, da die Gefahr besteht, des die Stute das Fohlen verliert.<\/p>\n\n\n\n<p>Alte, nicht ausgeheilte Verletzungen oder Krankheiten k\u00f6nnen wieder aktiv werden, bei Gelenkblockaden k\u00f6nnen Schmerzen auftreten, da in einem energetisch unterversorgten Gebiet wieder Energie flie\u00dft. Zus\u00e4tzlich zeigen sich dann die wahren Ursachen f\u00fcr die Blockade.<\/p>\n\n\n\n<p><\/p>\n\n\n\n<h2 class=\"wp-block-heading\">Angaben gem\u00e4\u00df \u00a7 5 TMG<\/h2>\n\n\n\n<p>Barbara Cermelj<br>Holzstra\u00dfe 46<br>45479 M\u00fclheim an der Ruhr<\/p>\n\n\n\n<p>Tel.: 0208-30 59 232<br>Handy: 0173-710 72 94<\/p>\n\n\n\n<p><a href=\"mailto:info@b-c-balance.de\">info@b-c-balance.de<\/a><\/p>\n\n\n\n<h2 class=\"wp-block-heading\">Steuer-Nummer<\/h2>\n\n\n\n<p>120\/5039\/2146<\/p>\n\n\n\n<h2 class=\"wp-block-heading\">EU-Streitschlichtung<\/h2>\n\n\n\n<p>Die Europ\u00e4ische Kommission stellt eine Plattform zur Online-Streitbeilegung (OS) bereit:&nbsp;<a href=\"https:\/\/ec.europa.eu\/consumers\/odr\/\" target=\"_blank\" rel=\"noreferrer noopener\">https:\/\/ec.europa.eu\/consumers\/odr\/<\/a>.<br>Unsere E-Mail-Adresse finden Sie oben im Impressum.<\/p>\n\n\n\n<h2 class=\"wp-block-heading\">Verbraucher\u00adstreit\u00adbeilegung\/Universal\u00adschlichtungs\u00adstelle<\/h2>\n\n\n\n<p>Wir sind nicht bereit oder verpflichtet, an Streitbeilegungsverfahren vor einer Verbraucherschlichtungsstelle teilzunehmen.<\/p>\n\n\n\n<p>Quelle:&nbsp;<a href=\"https:\/\/www.e-recht24.de\/\">https:\/\/www.e-recht24.de<\/a><\/p>\n","protected":false},"excerpt":{"rendered":"<p>Was kann die Kinesiologie NICHT? Die Kinesiologie dient nicht zu diagnostischen oder heilenden Zwecken. Es werden weder physische noch psychische Krankheiten oder Krankheitssymptome, weder beim Menschen noch bei Tieren, festgestellt oder behandelt. Diese Arbeit ist durch das Heilmittelgesetz ausschlie\u00dflich \u00c4rzten, Heilpraktikern und Therapeuten vorbehalten! Durch meine Sitzungen wird keine medizinische, heilkundliche oder therapeutische Behandlung er&nbsp;setzt.&nbsp;Sie [&hellip;]<\/p>\n","protected":false},"author":1,"featured_media":0,"parent":0,"menu_order":0,"comment_status":"closed","ping_status":"closed","template":"","meta":{"footnotes":""},"class_list":["post-501","page","type-page","status-publish","hentry"],"_links":{"self":[{"href":"https:\/\/b-c-balance.de\/index.php?rest_route=\/wp\/v2\/pages\/501","targetHints":{"allow":["GET"]}}],"collection":[{"href":"https:\/\/b-c-balance.de\/index.php?rest_route=\/wp\/v2\/pages"}],"about":[{"href":"https:\/\/b-c-balance.de\/index.php?rest_route=\/wp\/v2\/types\/page"}],"author":[{"embeddable":true,"href":"https:\/\/b-c-balance.de\/index.php?rest_route=\/wp\/v2\/users\/1"}],"replies":[{"embeddable":true,"href":"https:\/\/b-c-balance.de\/index.php?rest_route=%2Fwp%2Fv2%2Fcomments&post=501"}],"version-history":[{"count":5,"href":"https:\/\/b-c-balance.de\/index.php?rest_route=\/wp\/v2\/pages\/501\/revisions"}],"predecessor-version":[{"id":516,"href":"https:\/\/b-c-balance.de\/index.php?rest_route=\/wp\/v2\/pages\/501\/revisions\/516"}],"wp:attachment":[{"href":"https:\/\/b-c-balance.de\/index.php?rest_route=%2Fwp%2Fv2%2Fmedia&parent=501"}],"curies":[{"name":"wp","href":"https:\/\/api.w.org\/{rel}","templated":true}]}}